{"id":238,"date":"2011-01-26T04:28:08","date_gmt":"2011-01-26T09:28:08","guid":{"rendered":"http:\/\/podologiaperu.info\/news\/?page_id=238"},"modified":"2011-01-26T04:28:08","modified_gmt":"2011-01-26T09:28:08","slug":"nuestros-servicios","status":"publish","type":"page","link":"https:\/\/www.podologiaperu.com\/news\/nuestros-servicios\/","title":{"rendered":"Nuestros Servicios"},"content":{"rendered":"<h3 style=\"color: #00aae1;\">Especialidad:<\/h3>\n<p><span style=\"color: #808000;\"><span style=\"color: #993300;\">Podologia Pediatrica<\/span>:<\/span> Especialista en extracci\u00f3n de u\u00f1eros a bebes y ni\u00f1os desde los 3 meses. correctores de u\u00f1as profilaxis (corte de u\u00f1as).<br \/>\n<span style=\"color: #993300;\">Especialista en Extracci\u00f3n de u\u00f1eros sin dolor. <\/span><br \/>\n<span style=\"color: #993300;\">Tratamientos de Ortonixia<\/span> (t\u00e9cnicas de correcci\u00f3n de crecimiento ungueal).<br \/>\n<span style=\"color: #993300;\">Profilaxis integral al pie.<\/span><br \/>\n<span style=\"color: #993300;\"> Tratamiento de u\u00f1as Micoticas<span style=\"color: #000000;\"> ( Hongos en u\u00f1as).<\/span><\/span><br \/>\n<span style=\"color: #993300;\">Tratamiento de u\u00f1eros.<\/span><br \/>\n<span style=\"color: #993300;\">Seguimiento de\u00a0 crecimiento ungueal.<\/span><br \/>\n<span style=\"color: #993300;\">ORTONIXIA\u00a0<span style=\"color: #000000;\"> tratamiento\u00a0 para corregir y reeducar el crecimiento y forma de las u\u00f1a.<\/span><\/span><br \/>\n<span style=\"color: #993300;\">Extraccion de u\u00f1eros a ni\u00f1os.<\/span><br \/>\n<span style=\"color: #993300;\">Podologia Geriatrica.<\/span><br \/>\n<span style=\"color: #993300;\"> Reconstruccion de u\u00f1as.<\/span><br \/>\n<span style=\"color: #993300;\"> Tratamiento de u\u00f1as gruesas.<\/span><br \/>\n<span style=\"color: #993300;\">Reacondicionamiento de pies con parafina <span style=\"color: #000000;\">(tratamiento para revitalizar, suavizar los pies, dejandolos aliviados, livianos y mucho mas suaves)<\/span><\/span><\/p>\n<hr \/>\n<h2 style=\"text-align: center;\"><span style=\"color: #993366; text-align: center; font-size: medium;\"><strong>Venta de ortesicos y cremas especiales para los pies<\/strong><\/span><\/h2>\n<hr \/>\n<h3 style=\"color: #00aae1;\">SOBRE LOS INSUMOS:<\/h3>\n<ul>\n<li>Instrumental est\u00e9ril,<\/li>\n<li>Materiales descartables<\/li>\n<li>Atenci\u00f3n personalizada en un lugar c\u00f3nfortable y privado.<\/li>\n<\/ul>\n<p style=\"text-align: center;\">\n","protected":false},"excerpt":{"rendered":"<div class=\"mh-excerpt\"><p>Especialidad: Podologia Pediatrica: Especialista en extracci\u00f3n de u\u00f1eros a bebes y ni\u00f1os desde los 3 meses. correctores de u\u00f1as profilaxis (corte de u\u00f1as). Especialista en <a class=\"mh-excerpt-more\" href=\"https:\/\/www.podologiaperu.com\/news\/nuestros-servicios\/\" title=\"Nuestros Servicios\">[&#8230;]<\/a><\/p>\n<\/div>","protected":false},"author":1,"featured_media":0,"parent":0,"menu_order":0,"comment_status":"closed","ping_status":"closed","template":"template-full.php","meta":{"sfsi_plus_gutenberg_text_before_share":"","sfsi_plus_gutenberg_show_text_before_share":"","sfsi_plus_gutenberg_icon_type":"","sfsi_plus_gutenberg_icon_alignemt":"","sfsi_plus_gutenburg_max_per_row":"","footnotes":""},"class_list":["post-238","page","type-page","status-publish","hentry"],"yoast_head":"<!-- This site is optimized with the Yoast SEO plugin v27.3 - https:\/\/yoast.com\/product\/yoast-seo-wordpress\/ -->\n<title>Nuestros Servicios - CENTRO DE ATENCI&Oacute;N AL PIE<\/title>\n<meta name=\"robots\" content=\"index, follow, max-snippet:-1, max-image-preview:large, max-video-preview:-1\" \/>\n<link rel=\"canonical\" href=\"https:\/\/www.podologiaperu.com\/news\/nuestros-servicios\/\" \/>\n<meta property=\"og:locale\" content=\"es_ES\" \/>\n<meta property=\"og:type\" content=\"article\" \/>\n<meta property=\"og:title\" content=\"Nuestros Servicios - CENTRO DE ATENCI&Oacute;N AL PIE\" \/>\n<meta property=\"og:description\" content=\"Especialidad: Podologia Pediatrica: Especialista en extracci\u00f3n de u\u00f1eros a bebes y ni\u00f1os desde los 3 meses. correctores de u\u00f1as profilaxis (corte de u\u00f1as). Especialista en [...]\" \/>\n<meta property=\"og:url\" content=\"https:\/\/www.podologiaperu.com\/news\/nuestros-servicios\/\" \/>\n<meta property=\"og:site_name\" content=\"CENTRO DE ATENCI&Oacute;N AL PIE\" \/>\n<meta name=\"twitter:card\" content=\"summary_large_image\" \/>\n<meta name=\"twitter:label1\" content=\"Tiempo de lectura\" \/>\n\t<meta name=\"twitter:data1\" content=\"1 minuto\" \/>\n<script type=\"application\/ld+json\" class=\"yoast-schema-graph\">{\"@context\":\"https:\\\/\\\/schema.org\",\"@graph\":[{\"@type\":\"WebPage\",\"@id\":\"https:\\\/\\\/www.podologiaperu.com\\\/news\\\/nuestros-servicios\\\/\",\"url\":\"https:\\\/\\\/www.podologiaperu.com\\\/news\\\/nuestros-servicios\\\/\",\"name\":\"Nuestros Servicios - CENTRO DE ATENCI&Oacute;N AL PIE\",\"isPartOf\":{\"@id\":\"https:\\\/\\\/www.podologiaperu.com\\\/news\\\/#website\"},\"datePublished\":\"2011-01-26T09:28:08+00:00\",\"breadcrumb\":{\"@id\":\"https:\\\/\\\/www.podologiaperu.com\\\/news\\\/nuestros-servicios\\\/#breadcrumb\"},\"inLanguage\":\"es\",\"potentialAction\":[{\"@type\":\"ReadAction\",\"target\":[\"https:\\\/\\\/www.podologiaperu.com\\\/news\\\/nuestros-servicios\\\/\"]}]},{\"@type\":\"BreadcrumbList\",\"@id\":\"https:\\\/\\\/www.podologiaperu.com\\\/news\\\/nuestros-servicios\\\/#breadcrumb\",\"itemListElement\":[{\"@type\":\"ListItem\",\"position\":1,\"name\":\"Portada\",\"item\":\"https:\\\/\\\/www.podologiaperu.com\\\/news\\\/\"},{\"@type\":\"ListItem\",\"position\":2,\"name\":\"Nuestros Servicios\"}]},{\"@type\":\"WebSite\",\"@id\":\"https:\\\/\\\/www.podologiaperu.com\\\/news\\\/#website\",\"url\":\"https:\\\/\\\/www.podologiaperu.com\\\/news\\\/\",\"name\":\"CENTRO DE ATENCI&Oacute;N AL PIE\",\"description\":\"PODOLOG&Iacute;A BERTHA BURGOS    952-374310 \\\/  01 462-2299\",\"publisher\":{\"@id\":\"https:\\\/\\\/www.podologiaperu.com\\\/news\\\/#organization\"},\"potentialAction\":[{\"@type\":\"SearchAction\",\"target\":{\"@type\":\"EntryPoint\",\"urlTemplate\":\"https:\\\/\\\/www.podologiaperu.com\\\/news\\\/?s={search_term_string}\"},\"query-input\":{\"@type\":\"PropertyValueSpecification\",\"valueRequired\":true,\"valueName\":\"search_term_string\"}}],\"inLanguage\":\"es\"},{\"@type\":\"Organization\",\"@id\":\"https:\\\/\\\/www.podologiaperu.com\\\/news\\\/#organization\",\"name\":\"CENTRO DE ATENCI&Oacute;N AL PIE\",\"url\":\"https:\\\/\\\/www.podologiaperu.com\\\/news\\\/\",\"logo\":{\"@type\":\"ImageObject\",\"inLanguage\":\"es\",\"@id\":\"https:\\\/\\\/www.podologiaperu.com\\\/news\\\/#\\\/schema\\\/logo\\\/image\\\/\",\"url\":\"https:\\\/\\\/www.podologiaperu.com\\\/news\\\/wp-content\\\/uploads\\\/2019\\\/10\\\/cropped-logo.png\",\"contentUrl\":\"https:\\\/\\\/www.podologiaperu.com\\\/news\\\/wp-content\\\/uploads\\\/2019\\\/10\\\/cropped-logo.png\",\"width\":147,\"height\":90,\"caption\":\"CENTRO DE ATENCI&Oacute;N AL PIE \"},\"image\":{\"@id\":\"https:\\\/\\\/www.podologiaperu.com\\\/news\\\/#\\\/schema\\\/logo\\\/image\\\/\"}}]}<\/script>\n<!-- \/ Yoast SEO plugin. -->","yoast_head_json":{"title":"Nuestros Servicios - CENTRO DE ATENCI&Oacute;N AL PIE","robots":{"index":"index","follow":"follow","max-snippet":"max-snippet:-1","max-image-preview":"max-image-preview:large","max-video-preview":"max-video-preview:-1"},"canonical":"https:\/\/www.podologiaperu.com\/news\/nuestros-servicios\/","og_locale":"es_ES","og_type":"article","og_title":"Nuestros Servicios - CENTRO DE ATENCI&Oacute;N AL PIE","og_description":"Especialidad: Podologia Pediatrica: Especialista en extracci\u00f3n de u\u00f1eros a bebes y ni\u00f1os desde los 3 meses. correctores de u\u00f1as profilaxis (corte de u\u00f1as). Especialista en [...]","og_url":"https:\/\/www.podologiaperu.com\/news\/nuestros-servicios\/","og_site_name":"CENTRO DE ATENCI&Oacute;N AL PIE","twitter_card":"summary_large_image","twitter_misc":{"Tiempo de lectura":"1 minuto"},"schema":{"@context":"https:\/\/schema.org","@graph":[{"@type":"WebPage","@id":"https:\/\/www.podologiaperu.com\/news\/nuestros-servicios\/","url":"https:\/\/www.podologiaperu.com\/news\/nuestros-servicios\/","name":"Nuestros Servicios - CENTRO DE ATENCI&Oacute;N AL PIE","isPartOf":{"@id":"https:\/\/www.podologiaperu.com\/news\/#website"},"datePublished":"2011-01-26T09:28:08+00:00","breadcrumb":{"@id":"https:\/\/www.podologiaperu.com\/news\/nuestros-servicios\/#breadcrumb"},"inLanguage":"es","potentialAction":[{"@type":"ReadAction","target":["https:\/\/www.podologiaperu.com\/news\/nuestros-servicios\/"]}]},{"@type":"BreadcrumbList","@id":"https:\/\/www.podologiaperu.com\/news\/nuestros-servicios\/#breadcrumb","itemListElement":[{"@type":"ListItem","position":1,"name":"Portada","item":"https:\/\/www.podologiaperu.com\/news\/"},{"@type":"ListItem","position":2,"name":"Nuestros Servicios"}]},{"@type":"WebSite","@id":"https:\/\/www.podologiaperu.com\/news\/#website","url":"https:\/\/www.podologiaperu.com\/news\/","name":"CENTRO DE ATENCI&Oacute;N AL PIE","description":"PODOLOG&Iacute;A BERTHA BURGOS    952-374310 \/  01 462-2299","publisher":{"@id":"https:\/\/www.podologiaperu.com\/news\/#organization"},"potentialAction":[{"@type":"SearchAction","target":{"@type":"EntryPoint","urlTemplate":"https:\/\/www.podologiaperu.com\/news\/?s={search_term_string}"},"query-input":{"@type":"PropertyValueSpecification","valueRequired":true,"valueName":"search_term_string"}}],"inLanguage":"es"},{"@type":"Organization","@id":"https:\/\/www.podologiaperu.com\/news\/#organization","name":"CENTRO DE ATENCI&Oacute;N AL PIE","url":"https:\/\/www.podologiaperu.com\/news\/","logo":{"@type":"ImageObject","inLanguage":"es","@id":"https:\/\/www.podologiaperu.com\/news\/#\/schema\/logo\/image\/","url":"https:\/\/www.podologiaperu.com\/news\/wp-content\/uploads\/2019\/10\/cropped-logo.png","contentUrl":"https:\/\/www.podologiaperu.com\/news\/wp-content\/uploads\/2019\/10\/cropped-logo.png","width":147,"height":90,"caption":"CENTRO DE ATENCI&Oacute;N AL PIE "},"image":{"@id":"https:\/\/www.podologiaperu.com\/news\/#\/schema\/logo\/image\/"}}]}},"_links":{"self":[{"href":"https:\/\/www.podologiaperu.com\/news\/wp-json\/wp\/v2\/pages\/238","targetHints":{"allow":["GET"]}}],"collection":[{"href":"https:\/\/www.podologiaperu.com\/news\/wp-json\/wp\/v2\/pages"}],"about":[{"href":"https:\/\/www.podologiaperu.com\/news\/wp-json\/wp\/v2\/types\/page"}],"author":[{"embeddable":true,"href":"https:\/\/www.podologiaperu.com\/news\/wp-json\/wp\/v2\/users\/1"}],"replies":[{"embeddable":true,"href":"https:\/\/www.podologiaperu.com\/news\/wp-json\/wp\/v2\/comments?post=238"}],"version-history":[{"count":0,"href":"https:\/\/www.podologiaperu.com\/news\/wp-json\/wp\/v2\/pages\/238\/revisions"}],"wp:attachment":[{"href":"https:\/\/www.podologiaperu.com\/news\/wp-json\/wp\/v2\/media?parent=238"}],"curies":[{"name":"wp","href":"https:\/\/api.w.org\/{rel}","templated":true}]}}