{"id":18,"date":"2007-11-01T16:31:30","date_gmt":"2007-11-01T16:31:30","guid":{"rendered":"http:\/\/podologiaperu.info\/news\/?page_id=17"},"modified":"2007-11-01T16:31:30","modified_gmt":"2007-11-01T16:31:30","slug":"ortesis","status":"publish","type":"page","link":"https:\/\/www.podologiaperu.com\/news\/ortesis\/","title":{"rendered":"Que es ort\u00e9sis?"},"content":{"rendered":"<p><strong><span lang=\"ES\">Ort\u00e9sis<\/span><\/strong><\/p>\n<p align=\"justify\"><img decoding=\"async\" title=\"zapatos1.jpg\" src=\"https:\/\/www.podologiaperu.com\/news\/wp-content\/uploads\/2007\/11\/zapatos1.thumbnail.jpg\" alt=\"zapatos1.jpg\" align=\"left\" hspace=\"14\" \/><span lang=\"ES\">Las ort\u00e9sis son elementos que se insertan en los zapatos para corregir formas de caminar anormales o irregulares. Cumplen funciones que hacen m\u00e1s c\u00f3modo y eficiente caminar, correr y estar de pie, cambiando ligeramente los \u00e1ngulos en los que el pie golpea la superficie por la que camina o corre.<\/span><\/p>\n<p align=\"justify\">\n<p align=\"justify\"><span lang=\"ES\">Se recetan ort\u00e9sis como tratamiento conservador de muchos problemas de los pies, o como m\u00e9todo de control despu\u00e9s de ciertos tipos de cirug\u00eda del pie; su uso es una forma de tratamiento pr\u00e1ctica y muy exitosa.<\/span><\/p>\n<p align=\"justify\">\n<p align=\"justify\"><span lang=\"ES\">Las ort\u00e9sis de pie se clasifican en tres grandes grupos: las que pretenden principalmente cambiar la funci\u00f3n del pie, las que son principalmente de naturaleza protectora, y las que combinan el control funcional y la protecci\u00f3n.<\/span><\/p>\n<p align=\"justify\"><a href=\"https:\/\/www.facebook.com\/Centro-de-atenci%C3%B3n-al-Pie-Podologia-Bertha-Burgos-Per%C3%BA-358390817971\/?ref=aymt_homepage_panel#\">Siguenos en facebook<\/a><\/p>\n","protected":false},"excerpt":{"rendered":"<div class=\"mh-excerpt\"><p>Ort\u00e9sis Las ort\u00e9sis son elementos que se insertan en los zapatos para corregir formas de caminar anormales o irregulares. Cumplen funciones que hacen m\u00e1s c\u00f3modo <a class=\"mh-excerpt-more\" href=\"https:\/\/www.podologiaperu.com\/news\/ortesis\/\" title=\"Que es ort\u00e9sis?\">[&#8230;]<\/a><\/p>\n<\/div>","protected":false},"author":1,"featured_media":0,"parent":0,"menu_order":7,"comment_status":"closed","ping_status":"open","template":"","meta":{"sfsi_plus_gutenberg_text_before_share":"","sfsi_plus_gutenberg_show_text_before_share":"","sfsi_plus_gutenberg_icon_type":"","sfsi_plus_gutenberg_icon_alignemt":"","sfsi_plus_gutenburg_max_per_row":"","footnotes":""},"class_list":["post-18","page","type-page","status-publish","hentry"],"yoast_head":"<!-- This site is optimized with the Yoast SEO plugin v27.3 - https:\/\/yoast.com\/product\/yoast-seo-wordpress\/ -->\n<title>Que es ort\u00e9sis? - CENTRO DE ATENCI&Oacute;N AL PIE<\/title>\n<meta name=\"robots\" content=\"index, follow, max-snippet:-1, max-image-preview:large, max-video-preview:-1\" \/>\n<link rel=\"canonical\" href=\"https:\/\/www.podologiaperu.com\/news\/ortesis\/\" \/>\n<meta property=\"og:locale\" content=\"es_ES\" \/>\n<meta property=\"og:type\" content=\"article\" \/>\n<meta property=\"og:title\" content=\"Que es ort\u00e9sis? - CENTRO DE ATENCI&Oacute;N AL PIE\" \/>\n<meta property=\"og:description\" content=\"Ort\u00e9sis Las ort\u00e9sis son elementos que se insertan en los zapatos para corregir formas de caminar anormales o irregulares. Cumplen funciones que hacen m\u00e1s c\u00f3modo [...]\" \/>\n<meta property=\"og:url\" content=\"https:\/\/www.podologiaperu.com\/news\/ortesis\/\" \/>\n<meta property=\"og:site_name\" content=\"CENTRO DE ATENCI&Oacute;N AL PIE\" \/>\n<meta property=\"og:image\" content=\"http:\/\/www.podologiaperu.com\/news\/wp-content\/uploads\/2007\/11\/zapatos1.thumbnail.jpg\" \/>\n<meta name=\"twitter:card\" content=\"summary_large_image\" \/>\n<meta name=\"twitter:label1\" content=\"Tiempo de lectura\" \/>\n\t<meta name=\"twitter:data1\" content=\"1 minuto\" \/>\n<script type=\"application\/ld+json\" class=\"yoast-schema-graph\">{\"@context\":\"https:\\\/\\\/schema.org\",\"@graph\":[{\"@type\":\"WebPage\",\"@id\":\"https:\\\/\\\/www.podologiaperu.com\\\/news\\\/ortesis\\\/\",\"url\":\"https:\\\/\\\/www.podologiaperu.com\\\/news\\\/ortesis\\\/\",\"name\":\"Que es ort\u00e9sis? - CENTRO DE ATENCI&Oacute;N AL PIE\",\"isPartOf\":{\"@id\":\"https:\\\/\\\/www.podologiaperu.com\\\/news\\\/#website\"},\"primaryImageOfPage\":{\"@id\":\"https:\\\/\\\/www.podologiaperu.com\\\/news\\\/ortesis\\\/#primaryimage\"},\"image\":{\"@id\":\"https:\\\/\\\/www.podologiaperu.com\\\/news\\\/ortesis\\\/#primaryimage\"},\"thumbnailUrl\":\"http:\\\/\\\/www.podologiaperu.com\\\/news\\\/wp-content\\\/uploads\\\/2007\\\/11\\\/zapatos1.thumbnail.jpg\",\"datePublished\":\"2007-11-01T16:31:30+00:00\",\"breadcrumb\":{\"@id\":\"https:\\\/\\\/www.podologiaperu.com\\\/news\\\/ortesis\\\/#breadcrumb\"},\"inLanguage\":\"es\",\"potentialAction\":[{\"@type\":\"ReadAction\",\"target\":[\"https:\\\/\\\/www.podologiaperu.com\\\/news\\\/ortesis\\\/\"]}]},{\"@type\":\"ImageObject\",\"inLanguage\":\"es\",\"@id\":\"https:\\\/\\\/www.podologiaperu.com\\\/news\\\/ortesis\\\/#primaryimage\",\"url\":\"http:\\\/\\\/www.podologiaperu.com\\\/news\\\/wp-content\\\/uploads\\\/2007\\\/11\\\/zapatos1.thumbnail.jpg\",\"contentUrl\":\"http:\\\/\\\/www.podologiaperu.com\\\/news\\\/wp-content\\\/uploads\\\/2007\\\/11\\\/zapatos1.thumbnail.jpg\"},{\"@type\":\"BreadcrumbList\",\"@id\":\"https:\\\/\\\/www.podologiaperu.com\\\/news\\\/ortesis\\\/#breadcrumb\",\"itemListElement\":[{\"@type\":\"ListItem\",\"position\":1,\"name\":\"Portada\",\"item\":\"https:\\\/\\\/www.podologiaperu.com\\\/news\\\/\"},{\"@type\":\"ListItem\",\"position\":2,\"name\":\"Que es ort\u00e9sis?\"}]},{\"@type\":\"WebSite\",\"@id\":\"https:\\\/\\\/www.podologiaperu.com\\\/news\\\/#website\",\"url\":\"https:\\\/\\\/www.podologiaperu.com\\\/news\\\/\",\"name\":\"CENTRO DE ATENCI&Oacute;N AL PIE\",\"description\":\"PODOLOG&Iacute;A BERTHA BURGOS    952-374310 \\\/  01 462-2299\",\"publisher\":{\"@id\":\"https:\\\/\\\/www.podologiaperu.com\\\/news\\\/#organization\"},\"potentialAction\":[{\"@type\":\"SearchAction\",\"target\":{\"@type\":\"EntryPoint\",\"urlTemplate\":\"https:\\\/\\\/www.podologiaperu.com\\\/news\\\/?s={search_term_string}\"},\"query-input\":{\"@type\":\"PropertyValueSpecification\",\"valueRequired\":true,\"valueName\":\"search_term_string\"}}],\"inLanguage\":\"es\"},{\"@type\":\"Organization\",\"@id\":\"https:\\\/\\\/www.podologiaperu.com\\\/news\\\/#organization\",\"name\":\"CENTRO DE ATENCI&Oacute;N AL PIE\",\"url\":\"https:\\\/\\\/www.podologiaperu.com\\\/news\\\/\",\"logo\":{\"@type\":\"ImageObject\",\"inLanguage\":\"es\",\"@id\":\"https:\\\/\\\/www.podologiaperu.com\\\/news\\\/#\\\/schema\\\/logo\\\/image\\\/\",\"url\":\"https:\\\/\\\/www.podologiaperu.com\\\/news\\\/wp-content\\\/uploads\\\/2019\\\/10\\\/cropped-logo.png\",\"contentUrl\":\"https:\\\/\\\/www.podologiaperu.com\\\/news\\\/wp-content\\\/uploads\\\/2019\\\/10\\\/cropped-logo.png\",\"width\":147,\"height\":90,\"caption\":\"CENTRO DE ATENCI&Oacute;N AL PIE \"},\"image\":{\"@id\":\"https:\\\/\\\/www.podologiaperu.com\\\/news\\\/#\\\/schema\\\/logo\\\/image\\\/\"}}]}<\/script>\n<!-- \/ Yoast SEO plugin. -->","yoast_head_json":{"title":"Que es ort\u00e9sis? - CENTRO DE ATENCI&Oacute;N AL PIE","robots":{"index":"index","follow":"follow","max-snippet":"max-snippet:-1","max-image-preview":"max-image-preview:large","max-video-preview":"max-video-preview:-1"},"canonical":"https:\/\/www.podologiaperu.com\/news\/ortesis\/","og_locale":"es_ES","og_type":"article","og_title":"Que es ort\u00e9sis? - CENTRO DE ATENCI&Oacute;N AL PIE","og_description":"Ort\u00e9sis Las ort\u00e9sis son elementos que se insertan en los zapatos para corregir formas de caminar anormales o irregulares. Cumplen funciones que hacen m\u00e1s c\u00f3modo [...]","og_url":"https:\/\/www.podologiaperu.com\/news\/ortesis\/","og_site_name":"CENTRO DE ATENCI&Oacute;N AL PIE","og_image":[{"url":"http:\/\/www.podologiaperu.com\/news\/wp-content\/uploads\/2007\/11\/zapatos1.thumbnail.jpg","type":"","width":"","height":""}],"twitter_card":"summary_large_image","twitter_misc":{"Tiempo de lectura":"1 minuto"},"schema":{"@context":"https:\/\/schema.org","@graph":[{"@type":"WebPage","@id":"https:\/\/www.podologiaperu.com\/news\/ortesis\/","url":"https:\/\/www.podologiaperu.com\/news\/ortesis\/","name":"Que es ort\u00e9sis? - CENTRO DE ATENCI&Oacute;N AL PIE","isPartOf":{"@id":"https:\/\/www.podologiaperu.com\/news\/#website"},"primaryImageOfPage":{"@id":"https:\/\/www.podologiaperu.com\/news\/ortesis\/#primaryimage"},"image":{"@id":"https:\/\/www.podologiaperu.com\/news\/ortesis\/#primaryimage"},"thumbnailUrl":"http:\/\/www.podologiaperu.com\/news\/wp-content\/uploads\/2007\/11\/zapatos1.thumbnail.jpg","datePublished":"2007-11-01T16:31:30+00:00","breadcrumb":{"@id":"https:\/\/www.podologiaperu.com\/news\/ortesis\/#breadcrumb"},"inLanguage":"es","potentialAction":[{"@type":"ReadAction","target":["https:\/\/www.podologiaperu.com\/news\/ortesis\/"]}]},{"@type":"ImageObject","inLanguage":"es","@id":"https:\/\/www.podologiaperu.com\/news\/ortesis\/#primaryimage","url":"http:\/\/www.podologiaperu.com\/news\/wp-content\/uploads\/2007\/11\/zapatos1.thumbnail.jpg","contentUrl":"http:\/\/www.podologiaperu.com\/news\/wp-content\/uploads\/2007\/11\/zapatos1.thumbnail.jpg"},{"@type":"BreadcrumbList","@id":"https:\/\/www.podologiaperu.com\/news\/ortesis\/#breadcrumb","itemListElement":[{"@type":"ListItem","position":1,"name":"Portada","item":"https:\/\/www.podologiaperu.com\/news\/"},{"@type":"ListItem","position":2,"name":"Que es ort\u00e9sis?"}]},{"@type":"WebSite","@id":"https:\/\/www.podologiaperu.com\/news\/#website","url":"https:\/\/www.podologiaperu.com\/news\/","name":"CENTRO DE ATENCI&Oacute;N AL PIE","description":"PODOLOG&Iacute;A BERTHA BURGOS    952-374310 \/  01 462-2299","publisher":{"@id":"https:\/\/www.podologiaperu.com\/news\/#organization"},"potentialAction":[{"@type":"SearchAction","target":{"@type":"EntryPoint","urlTemplate":"https:\/\/www.podologiaperu.com\/news\/?s={search_term_string}"},"query-input":{"@type":"PropertyValueSpecification","valueRequired":true,"valueName":"search_term_string"}}],"inLanguage":"es"},{"@type":"Organization","@id":"https:\/\/www.podologiaperu.com\/news\/#organization","name":"CENTRO DE ATENCI&Oacute;N AL PIE","url":"https:\/\/www.podologiaperu.com\/news\/","logo":{"@type":"ImageObject","inLanguage":"es","@id":"https:\/\/www.podologiaperu.com\/news\/#\/schema\/logo\/image\/","url":"https:\/\/www.podologiaperu.com\/news\/wp-content\/uploads\/2019\/10\/cropped-logo.png","contentUrl":"https:\/\/www.podologiaperu.com\/news\/wp-content\/uploads\/2019\/10\/cropped-logo.png","width":147,"height":90,"caption":"CENTRO DE ATENCI&Oacute;N AL PIE "},"image":{"@id":"https:\/\/www.podologiaperu.com\/news\/#\/schema\/logo\/image\/"}}]}},"_links":{"self":[{"href":"https:\/\/www.podologiaperu.com\/news\/wp-json\/wp\/v2\/pages\/18","targetHints":{"allow":["GET"]}}],"collection":[{"href":"https:\/\/www.podologiaperu.com\/news\/wp-json\/wp\/v2\/pages"}],"about":[{"href":"https:\/\/www.podologiaperu.com\/news\/wp-json\/wp\/v2\/types\/page"}],"author":[{"embeddable":true,"href":"https:\/\/www.podologiaperu.com\/news\/wp-json\/wp\/v2\/users\/1"}],"replies":[{"embeddable":true,"href":"https:\/\/www.podologiaperu.com\/news\/wp-json\/wp\/v2\/comments?post=18"}],"version-history":[{"count":0,"href":"https:\/\/www.podologiaperu.com\/news\/wp-json\/wp\/v2\/pages\/18\/revisions"}],"wp:attachment":[{"href":"https:\/\/www.podologiaperu.com\/news\/wp-json\/wp\/v2\/media?parent=18"}],"curies":[{"name":"wp","href":"https:\/\/api.w.org\/{rel}","templated":true}]}}