{"id":14,"date":"2007-10-28T22:53:34","date_gmt":"2007-10-28T22:53:34","guid":{"rendered":"http:\/\/podologiaperu.info\/news\/?page_id=12"},"modified":"2007-10-28T22:53:34","modified_gmt":"2007-10-28T22:53:34","slug":"hongos-en-las-unas","status":"publish","type":"page","link":"https:\/\/www.podologiaperu.com\/news\/hongos-en-las-unas\/","title":{"rendered":"Hongos en las U\u00f1as"},"content":{"rendered":"<table border=\"0\" width=\"100%\">\n<tbody>\n<tr>\n<td width=\"22%\"><span style=\"color: #666666; font-size: medium;\"><img loading=\"lazy\" decoding=\"async\" src=\"http:\/\/podologiaperu.info\/images\/hongos.gif\" border=\"1\" alt=\"\" width=\"143\" height=\"155\" align=\"left\" \/><\/span><\/td>\n<td width=\"78%\" align=\"center\">\n<h1><span style=\"color: #666666;\">Hongos en las u\u00f1as<\/span><\/h1>\n<\/td>\n<\/tr>\n<\/tbody>\n<\/table>\n<p>La infecci\u00f3n de las u\u00f1as por hongos (onicomicosis) es un problema muy com\u00fan del pie. Afecta a un 5% de la poblaci\u00f3n, aunque algunos estudios estiman que la afectaci\u00f3n es mucho mayor porqu\u00e9 la mayor\u00eda de los pacientes no saben que padecen est\u00e1 enfermedad. Los hongos pueden permanecer en la u\u00f1a durante muchos a\u00f1os sin causar dolor.<\/p>\n<p><strong>\u00bfQu\u00e9 aspecto tienen?<\/strong><\/p>\n<p>Las onicomicosis son infecciones que afectan a la u\u00f1a y la zona que se encuentra debajo (el lecho ungueal). Los hongos son par\u00e1sitos que atacan a la queratina (sustancia que forma las u\u00f1as) cambiando la coloraci\u00f3n de la u\u00f1a. El color que coge la u\u00f1a infectada por hongos es muy variable, pero habitualmente es un color amarillo oscuro o marr\u00f3n oscuro.<br \/>\nTambi\u00e9n pueden aparecer placas blanquecinas en la u\u00f1a y un residuo con aspecto de serr\u00edn que suele tener mal olor.<\/p>\n<p>La infecci\u00f3n puede extenderse a otros dedos del pie e incluso a las manos dando un aspecto similar.<br \/>\n<strong>\u00bfC\u00f3mo se produce la infecci\u00f3n?<\/strong><\/p>\n<p>C\u00f3mo es dif\u00edcil evitar el contacto con microorganismos, como los hongos, los dedos de los pies son especialmente vulnerables a infecciones especialmente si se camina por zonas h\u00famedas con los pies descalzos.<br \/>\nOtros factores de riesgo son:<\/p>\n<ul>\n<li> Traumatismos (golpes) sobre la u\u00f1a<\/li>\n<li> Exceso de sudoraci\u00f3n<\/li>\n<li> Diabetes<\/li>\n<li> Problemas circulatorios<\/li>\n<li> Si la infecci\u00f3n se ignora acaba provocando otros problemas como dolor al andar o al utilizar algunos zapatos, u\u00f1eros y aparici\u00f3n de hongos en otras partes del cuerpo<\/li>\n<li>La alimentacion baja en vitaminas.Si no tenemos una buena nutricion, el cuerpo no tendra las defensas suficientes para responder a cualquier ataque de enfermedades.<\/li>\n<\/ul>\n<p><strong>Prevenci\u00f3n<\/strong><\/p>\n<ul>\n<li> Estar atento a los cambios que puedan aparecer en el pie<\/li>\n<li> Mantener los pies limpios y secos<\/li>\n<li> Secarse bien los pies despu\u00e9s de lavarlos y utilizar calcetines de fibra natural<\/li>\n<li> No caminar descalzo por \u00e1reas p\u00fablicas<\/li>\n<li> Cortarse correctamente las u\u00f1as y desinfectar los cortau\u00f1as despu\u00e9s de utilizarlos (p.e limpi\u00e1nd)<\/li>\n<li> En caso de colocarse u\u00f1as artificiales o hacerse la pedicura asegurarse que el material utilizado est\u00e1 debidamente desinfectado<\/li>\n<\/ul>\n<h2>Porque no usar u\u00f1as artificiales y esmaltes<\/h2>\n<p>La humedad que se acumula bajo la superficie de la u\u00f1a se evaporar\u00eda normalmente a trav\u00e9s de la estructura porosa de la u\u00f1a. La presencia de una u\u00f1a artificial o un esmalte impide que eso ocurra, y el agua atrapada debajo puede volverse malsana, ideal para que crezcan hongos y organismos similares.<\/p>\n<p>Use siempre medidas preventivas al aplicar esmaltes. Desinfecte los instrumentos de pedicura y no aplique esmalte a u\u00f1as que puedan estar infectadas\u2014por ejemplo las que est\u00e9n rojas, descoloridas o hinchadas.<\/p>\n","protected":false},"excerpt":{"rendered":"<div class=\"mh-excerpt\"><p>Hongos en las u\u00f1as La infecci\u00f3n de las u\u00f1as por hongos (onicomicosis) es un problema muy com\u00fan del pie. Afecta a un 5% de la <a class=\"mh-excerpt-more\" href=\"https:\/\/www.podologiaperu.com\/news\/hongos-en-las-unas\/\" title=\"Hongos en las U\u00f1as\">[&#8230;]<\/a><\/p>\n<\/div>","protected":false},"author":1,"featured_media":0,"parent":0,"menu_order":4,"comment_status":"closed","ping_status":"open","template":"","meta":{"sfsi_plus_gutenberg_text_before_share":"","sfsi_plus_gutenberg_show_text_before_share":"","sfsi_plus_gutenberg_icon_type":"","sfsi_plus_gutenberg_icon_alignemt":"","sfsi_plus_gutenburg_max_per_row":"","footnotes":""},"class_list":["post-14","page","type-page","status-publish","hentry"],"yoast_head":"<!-- This site is optimized with the Yoast SEO plugin v27.3 - https:\/\/yoast.com\/product\/yoast-seo-wordpress\/ -->\n<title>Hongos en las U\u00f1as - CENTRO DE ATENCI&Oacute;N AL PIE<\/title>\n<meta name=\"robots\" content=\"index, follow, max-snippet:-1, max-image-preview:large, max-video-preview:-1\" \/>\n<link rel=\"canonical\" href=\"https:\/\/www.podologiaperu.com\/news\/hongos-en-las-unas\/\" \/>\n<meta property=\"og:locale\" content=\"es_ES\" \/>\n<meta property=\"og:type\" content=\"article\" \/>\n<meta property=\"og:title\" content=\"Hongos en las U\u00f1as - CENTRO DE ATENCI&Oacute;N AL PIE\" \/>\n<meta property=\"og:description\" content=\"Hongos en las u\u00f1as La infecci\u00f3n de las u\u00f1as por hongos (onicomicosis) es un problema muy com\u00fan del pie. Afecta a un 5% de la [...]\" \/>\n<meta property=\"og:url\" content=\"https:\/\/www.podologiaperu.com\/news\/hongos-en-las-unas\/\" \/>\n<meta property=\"og:site_name\" content=\"CENTRO DE ATENCI&Oacute;N AL PIE\" \/>\n<meta property=\"og:image\" content=\"http:\/\/podologiaperu.info\/images\/hongos.gif\" \/>\n<meta name=\"twitter:card\" content=\"summary_large_image\" \/>\n<meta name=\"twitter:label1\" content=\"Tiempo de lectura\" \/>\n\t<meta name=\"twitter:data1\" content=\"2 minutos\" \/>\n<script type=\"application\/ld+json\" class=\"yoast-schema-graph\">{\"@context\":\"https:\\\/\\\/schema.org\",\"@graph\":[{\"@type\":\"WebPage\",\"@id\":\"https:\\\/\\\/www.podologiaperu.com\\\/news\\\/hongos-en-las-unas\\\/\",\"url\":\"https:\\\/\\\/www.podologiaperu.com\\\/news\\\/hongos-en-las-unas\\\/\",\"name\":\"Hongos en las U\u00f1as - CENTRO DE ATENCI&Oacute;N AL PIE\",\"isPartOf\":{\"@id\":\"https:\\\/\\\/www.podologiaperu.com\\\/news\\\/#website\"},\"primaryImageOfPage\":{\"@id\":\"https:\\\/\\\/www.podologiaperu.com\\\/news\\\/hongos-en-las-unas\\\/#primaryimage\"},\"image\":{\"@id\":\"https:\\\/\\\/www.podologiaperu.com\\\/news\\\/hongos-en-las-unas\\\/#primaryimage\"},\"thumbnailUrl\":\"http:\\\/\\\/podologiaperu.info\\\/images\\\/hongos.gif\",\"datePublished\":\"2007-10-28T22:53:34+00:00\",\"breadcrumb\":{\"@id\":\"https:\\\/\\\/www.podologiaperu.com\\\/news\\\/hongos-en-las-unas\\\/#breadcrumb\"},\"inLanguage\":\"es\",\"potentialAction\":[{\"@type\":\"ReadAction\",\"target\":[\"https:\\\/\\\/www.podologiaperu.com\\\/news\\\/hongos-en-las-unas\\\/\"]}]},{\"@type\":\"ImageObject\",\"inLanguage\":\"es\",\"@id\":\"https:\\\/\\\/www.podologiaperu.com\\\/news\\\/hongos-en-las-unas\\\/#primaryimage\",\"url\":\"http:\\\/\\\/podologiaperu.info\\\/images\\\/hongos.gif\",\"contentUrl\":\"http:\\\/\\\/podologiaperu.info\\\/images\\\/hongos.gif\"},{\"@type\":\"BreadcrumbList\",\"@id\":\"https:\\\/\\\/www.podologiaperu.com\\\/news\\\/hongos-en-las-unas\\\/#breadcrumb\",\"itemListElement\":[{\"@type\":\"ListItem\",\"position\":1,\"name\":\"Portada\",\"item\":\"https:\\\/\\\/www.podologiaperu.com\\\/news\\\/\"},{\"@type\":\"ListItem\",\"position\":2,\"name\":\"Hongos en las U\u00f1as\"}]},{\"@type\":\"WebSite\",\"@id\":\"https:\\\/\\\/www.podologiaperu.com\\\/news\\\/#website\",\"url\":\"https:\\\/\\\/www.podologiaperu.com\\\/news\\\/\",\"name\":\"CENTRO DE ATENCI&Oacute;N AL PIE\",\"description\":\"PODOLOG&Iacute;A BERTHA BURGOS    952-374310 \\\/  01 462-2299\",\"publisher\":{\"@id\":\"https:\\\/\\\/www.podologiaperu.com\\\/news\\\/#organization\"},\"potentialAction\":[{\"@type\":\"SearchAction\",\"target\":{\"@type\":\"EntryPoint\",\"urlTemplate\":\"https:\\\/\\\/www.podologiaperu.com\\\/news\\\/?s={search_term_string}\"},\"query-input\":{\"@type\":\"PropertyValueSpecification\",\"valueRequired\":true,\"valueName\":\"search_term_string\"}}],\"inLanguage\":\"es\"},{\"@type\":\"Organization\",\"@id\":\"https:\\\/\\\/www.podologiaperu.com\\\/news\\\/#organization\",\"name\":\"CENTRO DE ATENCI&Oacute;N AL PIE\",\"url\":\"https:\\\/\\\/www.podologiaperu.com\\\/news\\\/\",\"logo\":{\"@type\":\"ImageObject\",\"inLanguage\":\"es\",\"@id\":\"https:\\\/\\\/www.podologiaperu.com\\\/news\\\/#\\\/schema\\\/logo\\\/image\\\/\",\"url\":\"https:\\\/\\\/www.podologiaperu.com\\\/news\\\/wp-content\\\/uploads\\\/2019\\\/10\\\/cropped-logo.png\",\"contentUrl\":\"https:\\\/\\\/www.podologiaperu.com\\\/news\\\/wp-content\\\/uploads\\\/2019\\\/10\\\/cropped-logo.png\",\"width\":147,\"height\":90,\"caption\":\"CENTRO DE ATENCI&Oacute;N AL PIE \"},\"image\":{\"@id\":\"https:\\\/\\\/www.podologiaperu.com\\\/news\\\/#\\\/schema\\\/logo\\\/image\\\/\"}}]}<\/script>\n<!-- \/ Yoast SEO plugin. -->","yoast_head_json":{"title":"Hongos en las U\u00f1as - CENTRO DE ATENCI&Oacute;N AL PIE","robots":{"index":"index","follow":"follow","max-snippet":"max-snippet:-1","max-image-preview":"max-image-preview:large","max-video-preview":"max-video-preview:-1"},"canonical":"https:\/\/www.podologiaperu.com\/news\/hongos-en-las-unas\/","og_locale":"es_ES","og_type":"article","og_title":"Hongos en las U\u00f1as - CENTRO DE ATENCI&Oacute;N AL PIE","og_description":"Hongos en las u\u00f1as La infecci\u00f3n de las u\u00f1as por hongos (onicomicosis) es un problema muy com\u00fan del pie. Afecta a un 5% de la [...]","og_url":"https:\/\/www.podologiaperu.com\/news\/hongos-en-las-unas\/","og_site_name":"CENTRO DE ATENCI&Oacute;N AL PIE","og_image":[{"url":"http:\/\/podologiaperu.info\/images\/hongos.gif","type":"","width":"","height":""}],"twitter_card":"summary_large_image","twitter_misc":{"Tiempo de lectura":"2 minutos"},"schema":{"@context":"https:\/\/schema.org","@graph":[{"@type":"WebPage","@id":"https:\/\/www.podologiaperu.com\/news\/hongos-en-las-unas\/","url":"https:\/\/www.podologiaperu.com\/news\/hongos-en-las-unas\/","name":"Hongos en las U\u00f1as - CENTRO DE ATENCI&Oacute;N AL PIE","isPartOf":{"@id":"https:\/\/www.podologiaperu.com\/news\/#website"},"primaryImageOfPage":{"@id":"https:\/\/www.podologiaperu.com\/news\/hongos-en-las-unas\/#primaryimage"},"image":{"@id":"https:\/\/www.podologiaperu.com\/news\/hongos-en-las-unas\/#primaryimage"},"thumbnailUrl":"http:\/\/podologiaperu.info\/images\/hongos.gif","datePublished":"2007-10-28T22:53:34+00:00","breadcrumb":{"@id":"https:\/\/www.podologiaperu.com\/news\/hongos-en-las-unas\/#breadcrumb"},"inLanguage":"es","potentialAction":[{"@type":"ReadAction","target":["https:\/\/www.podologiaperu.com\/news\/hongos-en-las-unas\/"]}]},{"@type":"ImageObject","inLanguage":"es","@id":"https:\/\/www.podologiaperu.com\/news\/hongos-en-las-unas\/#primaryimage","url":"http:\/\/podologiaperu.info\/images\/hongos.gif","contentUrl":"http:\/\/podologiaperu.info\/images\/hongos.gif"},{"@type":"BreadcrumbList","@id":"https:\/\/www.podologiaperu.com\/news\/hongos-en-las-unas\/#breadcrumb","itemListElement":[{"@type":"ListItem","position":1,"name":"Portada","item":"https:\/\/www.podologiaperu.com\/news\/"},{"@type":"ListItem","position":2,"name":"Hongos en las U\u00f1as"}]},{"@type":"WebSite","@id":"https:\/\/www.podologiaperu.com\/news\/#website","url":"https:\/\/www.podologiaperu.com\/news\/","name":"CENTRO DE ATENCI&Oacute;N AL PIE","description":"PODOLOG&Iacute;A BERTHA BURGOS    952-374310 \/  01 462-2299","publisher":{"@id":"https:\/\/www.podologiaperu.com\/news\/#organization"},"potentialAction":[{"@type":"SearchAction","target":{"@type":"EntryPoint","urlTemplate":"https:\/\/www.podologiaperu.com\/news\/?s={search_term_string}"},"query-input":{"@type":"PropertyValueSpecification","valueRequired":true,"valueName":"search_term_string"}}],"inLanguage":"es"},{"@type":"Organization","@id":"https:\/\/www.podologiaperu.com\/news\/#organization","name":"CENTRO DE ATENCI&Oacute;N AL PIE","url":"https:\/\/www.podologiaperu.com\/news\/","logo":{"@type":"ImageObject","inLanguage":"es","@id":"https:\/\/www.podologiaperu.com\/news\/#\/schema\/logo\/image\/","url":"https:\/\/www.podologiaperu.com\/news\/wp-content\/uploads\/2019\/10\/cropped-logo.png","contentUrl":"https:\/\/www.podologiaperu.com\/news\/wp-content\/uploads\/2019\/10\/cropped-logo.png","width":147,"height":90,"caption":"CENTRO DE ATENCI&Oacute;N AL PIE "},"image":{"@id":"https:\/\/www.podologiaperu.com\/news\/#\/schema\/logo\/image\/"}}]}},"_links":{"self":[{"href":"https:\/\/www.podologiaperu.com\/news\/wp-json\/wp\/v2\/pages\/14","targetHints":{"allow":["GET"]}}],"collection":[{"href":"https:\/\/www.podologiaperu.com\/news\/wp-json\/wp\/v2\/pages"}],"about":[{"href":"https:\/\/www.podologiaperu.com\/news\/wp-json\/wp\/v2\/types\/page"}],"author":[{"embeddable":true,"href":"https:\/\/www.podologiaperu.com\/news\/wp-json\/wp\/v2\/users\/1"}],"replies":[{"embeddable":true,"href":"https:\/\/www.podologiaperu.com\/news\/wp-json\/wp\/v2\/comments?post=14"}],"version-history":[{"count":0,"href":"https:\/\/www.podologiaperu.com\/news\/wp-json\/wp\/v2\/pages\/14\/revisions"}],"wp:attachment":[{"href":"https:\/\/www.podologiaperu.com\/news\/wp-json\/wp\/v2\/media?parent=14"}],"curies":[{"name":"wp","href":"https:\/\/api.w.org\/{rel}","templated":true}]}}