{"id":11,"date":"2007-10-28T22:32:40","date_gmt":"2007-10-28T22:32:40","guid":{"rendered":"http:\/\/podologiaperu.info\/news\/?page_id=9"},"modified":"2007-10-28T22:32:40","modified_gmt":"2007-10-28T22:32:40","slug":"helomas-y-callos","status":"publish","type":"page","link":"https:\/\/www.podologiaperu.com\/news\/helomas-y-callos\/","title":{"rendered":"Callos"},"content":{"rendered":"<p>Cuando los dedos est\u00e1n deformados, es decir no est\u00e1n rectos dentro del calzado se produce un roce sobre la piel y tejidos blandos del dedo. Es decir presi\u00f3n del calzado&gt;&gt;&gt;&gt;&gt;&gt;piel&lt;&lt;&lt;&lt;&lt;hueso.<\/p>\n<p align=\"justify\">Si continua el roce o presi\u00f3n sobre el dedos a nivel de una articulaci\u00f3n, se complica dando lugar a una Bursitis. Se produce un callo blando, cuando aparece entre dos dedos con aspecto h\u00famedo y amacerado.<\/p>\n<p align=\"justify\">El tratamiento puede ser paliativo (conservador), es decir acudir peri\u00f3dicamente a la consulta del pod\u00f3logo para resecar el callo. O bien, corregir esa deformidad por medio quir\u00fargico. Por ultimo otro remedio paliativo es la confecci\u00f3n de una pr\u00f3tesis de silicona.<\/p>\n<p align=\"justify\">El tratamiento quir\u00fargico depender\u00e1 si la deformidad es flexible o no.<\/p>\n<p><strong><span lang=\"ES\">Callos o Helomas<\/span><\/strong><span lang=\"ES\"><br \/>\n<\/span><\/p>\n<p align=\"justify\"><span lang=\"ES\"> Los callos pueden causar gran incomodidad y dolor. El tratamiento puede incluir la colocaci\u00f3n de almohadillas en la zona del callo para aliviar las presiones de los huesos y el uso de calzado m\u00e1s holgado y c\u00f3modo para evitar el roce. Tambi\u00e9n es importante encontrar la causa por la que se han producido, como por ejemplo alteraciones en la forma de andar o en la mec\u00e1nica del pie.<\/span><\/p>\n<p align=\"justify\">\u00a0<img loading=\"lazy\" decoding=\"async\" class=\"aligncenter\" src=\"http:\/\/podologiaperu.info\/images\/martillo.jpg\" width=\"426\" height=\"325\" border=\"2\" \/><\/p>\n","protected":false},"excerpt":{"rendered":"<div class=\"mh-excerpt\"><p>Cuando los dedos est\u00e1n deformados, es decir no est\u00e1n rectos dentro del calzado se produce un roce sobre la piel y tejidos blandos del dedo. <a class=\"mh-excerpt-more\" href=\"https:\/\/www.podologiaperu.com\/news\/helomas-y-callos\/\" title=\"Callos\">[&#8230;]<\/a><\/p>\n<\/div>","protected":false},"author":1,"featured_media":0,"parent":0,"menu_order":6,"comment_status":"closed","ping_status":"open","template":"template-full.php","meta":{"sfsi_plus_gutenberg_text_before_share":"","sfsi_plus_gutenberg_show_text_before_share":"","sfsi_plus_gutenberg_icon_type":"","sfsi_plus_gutenberg_icon_alignemt":"","sfsi_plus_gutenburg_max_per_row":"","footnotes":""},"class_list":["post-11","page","type-page","status-publish","hentry"],"yoast_head":"<!-- This site is optimized with the Yoast SEO plugin v27.3 - https:\/\/yoast.com\/product\/yoast-seo-wordpress\/ -->\n<title>Callos - CENTRO DE ATENCI&Oacute;N AL PIE<\/title>\n<meta name=\"robots\" content=\"index, follow, max-snippet:-1, max-image-preview:large, max-video-preview:-1\" \/>\n<link rel=\"canonical\" href=\"https:\/\/www.podologiaperu.com\/news\/helomas-y-callos\/\" \/>\n<meta property=\"og:locale\" content=\"es_ES\" \/>\n<meta property=\"og:type\" content=\"article\" \/>\n<meta property=\"og:title\" content=\"Callos - CENTRO DE ATENCI&Oacute;N AL PIE\" \/>\n<meta property=\"og:description\" content=\"Cuando los dedos est\u00e1n deformados, es decir no est\u00e1n rectos dentro del calzado se produce un roce sobre la piel y tejidos blandos del dedo. [...]\" \/>\n<meta property=\"og:url\" content=\"https:\/\/www.podologiaperu.com\/news\/helomas-y-callos\/\" \/>\n<meta property=\"og:site_name\" content=\"CENTRO DE ATENCI&Oacute;N AL PIE\" \/>\n<meta property=\"og:image\" content=\"http:\/\/podologiaperu.info\/images\/martillo.jpg\" \/>\n<meta name=\"twitter:card\" content=\"summary_large_image\" \/>\n<meta name=\"twitter:label1\" content=\"Tiempo de lectura\" \/>\n\t<meta name=\"twitter:data1\" content=\"1 minuto\" \/>\n<script type=\"application\/ld+json\" class=\"yoast-schema-graph\">{\"@context\":\"https:\\\/\\\/schema.org\",\"@graph\":[{\"@type\":\"WebPage\",\"@id\":\"https:\\\/\\\/www.podologiaperu.com\\\/news\\\/helomas-y-callos\\\/\",\"url\":\"https:\\\/\\\/www.podologiaperu.com\\\/news\\\/helomas-y-callos\\\/\",\"name\":\"Callos - CENTRO DE ATENCI&Oacute;N AL PIE\",\"isPartOf\":{\"@id\":\"https:\\\/\\\/www.podologiaperu.com\\\/news\\\/#website\"},\"primaryImageOfPage\":{\"@id\":\"https:\\\/\\\/www.podologiaperu.com\\\/news\\\/helomas-y-callos\\\/#primaryimage\"},\"image\":{\"@id\":\"https:\\\/\\\/www.podologiaperu.com\\\/news\\\/helomas-y-callos\\\/#primaryimage\"},\"thumbnailUrl\":\"http:\\\/\\\/podologiaperu.info\\\/images\\\/martillo.jpg\",\"datePublished\":\"2007-10-28T22:32:40+00:00\",\"breadcrumb\":{\"@id\":\"https:\\\/\\\/www.podologiaperu.com\\\/news\\\/helomas-y-callos\\\/#breadcrumb\"},\"inLanguage\":\"es\",\"potentialAction\":[{\"@type\":\"ReadAction\",\"target\":[\"https:\\\/\\\/www.podologiaperu.com\\\/news\\\/helomas-y-callos\\\/\"]}]},{\"@type\":\"ImageObject\",\"inLanguage\":\"es\",\"@id\":\"https:\\\/\\\/www.podologiaperu.com\\\/news\\\/helomas-y-callos\\\/#primaryimage\",\"url\":\"http:\\\/\\\/podologiaperu.info\\\/images\\\/martillo.jpg\",\"contentUrl\":\"http:\\\/\\\/podologiaperu.info\\\/images\\\/martillo.jpg\"},{\"@type\":\"BreadcrumbList\",\"@id\":\"https:\\\/\\\/www.podologiaperu.com\\\/news\\\/helomas-y-callos\\\/#breadcrumb\",\"itemListElement\":[{\"@type\":\"ListItem\",\"position\":1,\"name\":\"Portada\",\"item\":\"https:\\\/\\\/www.podologiaperu.com\\\/news\\\/\"},{\"@type\":\"ListItem\",\"position\":2,\"name\":\"Callos\"}]},{\"@type\":\"WebSite\",\"@id\":\"https:\\\/\\\/www.podologiaperu.com\\\/news\\\/#website\",\"url\":\"https:\\\/\\\/www.podologiaperu.com\\\/news\\\/\",\"name\":\"CENTRO DE ATENCI&Oacute;N AL PIE\",\"description\":\"PODOLOG&Iacute;A BERTHA BURGOS    952-374310 \\\/  01 462-2299\",\"publisher\":{\"@id\":\"https:\\\/\\\/www.podologiaperu.com\\\/news\\\/#organization\"},\"potentialAction\":[{\"@type\":\"SearchAction\",\"target\":{\"@type\":\"EntryPoint\",\"urlTemplate\":\"https:\\\/\\\/www.podologiaperu.com\\\/news\\\/?s={search_term_string}\"},\"query-input\":{\"@type\":\"PropertyValueSpecification\",\"valueRequired\":true,\"valueName\":\"search_term_string\"}}],\"inLanguage\":\"es\"},{\"@type\":\"Organization\",\"@id\":\"https:\\\/\\\/www.podologiaperu.com\\\/news\\\/#organization\",\"name\":\"CENTRO DE ATENCI&Oacute;N AL PIE\",\"url\":\"https:\\\/\\\/www.podologiaperu.com\\\/news\\\/\",\"logo\":{\"@type\":\"ImageObject\",\"inLanguage\":\"es\",\"@id\":\"https:\\\/\\\/www.podologiaperu.com\\\/news\\\/#\\\/schema\\\/logo\\\/image\\\/\",\"url\":\"https:\\\/\\\/www.podologiaperu.com\\\/news\\\/wp-content\\\/uploads\\\/2019\\\/10\\\/cropped-logo.png\",\"contentUrl\":\"https:\\\/\\\/www.podologiaperu.com\\\/news\\\/wp-content\\\/uploads\\\/2019\\\/10\\\/cropped-logo.png\",\"width\":147,\"height\":90,\"caption\":\"CENTRO DE ATENCI&Oacute;N AL PIE \"},\"image\":{\"@id\":\"https:\\\/\\\/www.podologiaperu.com\\\/news\\\/#\\\/schema\\\/logo\\\/image\\\/\"}}]}<\/script>\n<!-- \/ Yoast SEO plugin. -->","yoast_head_json":{"title":"Callos - CENTRO DE ATENCI&Oacute;N AL PIE","robots":{"index":"index","follow":"follow","max-snippet":"max-snippet:-1","max-image-preview":"max-image-preview:large","max-video-preview":"max-video-preview:-1"},"canonical":"https:\/\/www.podologiaperu.com\/news\/helomas-y-callos\/","og_locale":"es_ES","og_type":"article","og_title":"Callos - CENTRO DE ATENCI&Oacute;N AL PIE","og_description":"Cuando los dedos est\u00e1n deformados, es decir no est\u00e1n rectos dentro del calzado se produce un roce sobre la piel y tejidos blandos del dedo. [...]","og_url":"https:\/\/www.podologiaperu.com\/news\/helomas-y-callos\/","og_site_name":"CENTRO DE ATENCI&Oacute;N AL PIE","og_image":[{"url":"http:\/\/podologiaperu.info\/images\/martillo.jpg","type":"","width":"","height":""}],"twitter_card":"summary_large_image","twitter_misc":{"Tiempo de lectura":"1 minuto"},"schema":{"@context":"https:\/\/schema.org","@graph":[{"@type":"WebPage","@id":"https:\/\/www.podologiaperu.com\/news\/helomas-y-callos\/","url":"https:\/\/www.podologiaperu.com\/news\/helomas-y-callos\/","name":"Callos - CENTRO DE ATENCI&Oacute;N AL PIE","isPartOf":{"@id":"https:\/\/www.podologiaperu.com\/news\/#website"},"primaryImageOfPage":{"@id":"https:\/\/www.podologiaperu.com\/news\/helomas-y-callos\/#primaryimage"},"image":{"@id":"https:\/\/www.podologiaperu.com\/news\/helomas-y-callos\/#primaryimage"},"thumbnailUrl":"http:\/\/podologiaperu.info\/images\/martillo.jpg","datePublished":"2007-10-28T22:32:40+00:00","breadcrumb":{"@id":"https:\/\/www.podologiaperu.com\/news\/helomas-y-callos\/#breadcrumb"},"inLanguage":"es","potentialAction":[{"@type":"ReadAction","target":["https:\/\/www.podologiaperu.com\/news\/helomas-y-callos\/"]}]},{"@type":"ImageObject","inLanguage":"es","@id":"https:\/\/www.podologiaperu.com\/news\/helomas-y-callos\/#primaryimage","url":"http:\/\/podologiaperu.info\/images\/martillo.jpg","contentUrl":"http:\/\/podologiaperu.info\/images\/martillo.jpg"},{"@type":"BreadcrumbList","@id":"https:\/\/www.podologiaperu.com\/news\/helomas-y-callos\/#breadcrumb","itemListElement":[{"@type":"ListItem","position":1,"name":"Portada","item":"https:\/\/www.podologiaperu.com\/news\/"},{"@type":"ListItem","position":2,"name":"Callos"}]},{"@type":"WebSite","@id":"https:\/\/www.podologiaperu.com\/news\/#website","url":"https:\/\/www.podologiaperu.com\/news\/","name":"CENTRO DE ATENCI&Oacute;N AL PIE","description":"PODOLOG&Iacute;A BERTHA BURGOS    952-374310 \/  01 462-2299","publisher":{"@id":"https:\/\/www.podologiaperu.com\/news\/#organization"},"potentialAction":[{"@type":"SearchAction","target":{"@type":"EntryPoint","urlTemplate":"https:\/\/www.podologiaperu.com\/news\/?s={search_term_string}"},"query-input":{"@type":"PropertyValueSpecification","valueRequired":true,"valueName":"search_term_string"}}],"inLanguage":"es"},{"@type":"Organization","@id":"https:\/\/www.podologiaperu.com\/news\/#organization","name":"CENTRO DE ATENCI&Oacute;N AL PIE","url":"https:\/\/www.podologiaperu.com\/news\/","logo":{"@type":"ImageObject","inLanguage":"es","@id":"https:\/\/www.podologiaperu.com\/news\/#\/schema\/logo\/image\/","url":"https:\/\/www.podologiaperu.com\/news\/wp-content\/uploads\/2019\/10\/cropped-logo.png","contentUrl":"https:\/\/www.podologiaperu.com\/news\/wp-content\/uploads\/2019\/10\/cropped-logo.png","width":147,"height":90,"caption":"CENTRO DE ATENCI&Oacute;N AL PIE "},"image":{"@id":"https:\/\/www.podologiaperu.com\/news\/#\/schema\/logo\/image\/"}}]}},"_links":{"self":[{"href":"https:\/\/www.podologiaperu.com\/news\/wp-json\/wp\/v2\/pages\/11","targetHints":{"allow":["GET"]}}],"collection":[{"href":"https:\/\/www.podologiaperu.com\/news\/wp-json\/wp\/v2\/pages"}],"about":[{"href":"https:\/\/www.podologiaperu.com\/news\/wp-json\/wp\/v2\/types\/page"}],"author":[{"embeddable":true,"href":"https:\/\/www.podologiaperu.com\/news\/wp-json\/wp\/v2\/users\/1"}],"replies":[{"embeddable":true,"href":"https:\/\/www.podologiaperu.com\/news\/wp-json\/wp\/v2\/comments?post=11"}],"version-history":[{"count":0,"href":"https:\/\/www.podologiaperu.com\/news\/wp-json\/wp\/v2\/pages\/11\/revisions"}],"wp:attachment":[{"href":"https:\/\/www.podologiaperu.com\/news\/wp-json\/wp\/v2\/media?parent=11"}],"curies":[{"name":"wp","href":"https:\/\/api.w.org\/{rel}","templated":true}]}}